 -2*y = k - 19, -3*k + 8 - 6 = y. What is the hundreds digit of 3190/y*(0 + 2/4)?
1
Let q = 6 + -13. Let p = q - -16. What is the tens digit of 35/((-3)/p*-3)?
3
Let q(h) = h**2 + 19*h - 416. What is the units digit of q(26)?
4
Let x(g) = -g**3 - 8*g**2 - 5*g - 10. Suppose -27 = -11*z + 8*z. Suppose -2*o - z - 7 = 0. What is the units digit of x(o)?
0
Suppose -23*l = l - 72. Suppose -l*p = -239 - 271. What is the units digit of p?
0
Let v = 7 - 2. Let s(h) = -h + 13. Let c be s(10). Suppose -c*z + 81 = v*b, -2*z + 0 = 6. What is the units digit of b?
8
Let z(s) = s**2 + 3*s + 10. Let q be z(-4). Let f = q - -110. Suppose -112 = -4*g + f. What is the tens digit of g?
5
Suppose 5*k + 26 = -3*f + 7*f, 5*k = 5*f - 25. Let n(x) be the first derivative of -5*x**2/2 + 12*x - 114. What is the units digit of n(k)?
2
Suppose -22*k = -12*k - 140. What is the units digit of k?
4
Suppose -5*h = 3*d - 594, 2*h = 5*d + 5*h - 1006. What is the hundreds digit of d?
2
Let j = -812 - -1811. What is the hundreds digit of j?
9
Suppose -5*j + 4 = 4. Suppose -362 = -2*q - j*q. What is the hundreds digit of q?
1
Suppose 4*n - 3 = 3*n. Suppose 2 = m - n. Suppose -j + 1 + m = 0. What is the units digit of j?
6
Suppose 3*w - 16273 = -2*h - 2958, -2*w = 5*h - 8884. What is the tens digit of w?
3
Suppose -2*y - 946 = -0*f - 2*f, -5*f + 2365 = 3*y. What is the hundreds digit of f?
4
Suppose -3*n + 21*o = 19*o - 2905, 4*n + 2*o = 3850. What is the units digit of n?
5
Let m(d) be the second derivative of -d**3/3 - d**2 + 12*d. What is the units digit of m(-7)?
2
Let c(g) = -15*g**3 - 24*g**2 + 9*g + 16. What is the hundreds digit of c(-6)?
3
Let u(z) = 12*z**3 - z**2 + 3*z - 2. Suppose 0*m + 2 = 2*m. What is the units digit of u(m)?
2
Let f(t) = -t**2 - 22*t + 10. Suppose 16*s = 11*s - 80. What is the hundreds digit of f(s)?
1
Let k(w) be the first derivative of -43*w**5/20 + w**4/12 - w**2/2 + w + 4. Let y(n) be the first derivative of k(n). What is the tens digit of y(-1)?
4
Let r(y) = -y**2 - 6*y + 10. Let k be r(-7). Suppose 4*d - k*d = 2. What is the tens digit of (77/d)/(-7)*-6?
3
Let j(p) = p**3 + 13*p**2 + 30*p + 5. Let m be j(-10). What is the units digit of (-4)/m - ((-3)/(-15) - 2)?
1
Let q(u) = -u**2 + 10*u + 3. Let l be q(10). Suppose l*o = 92 + 85. What is the tens digit of o - (-12)/(3 + 1)?
6
Let r be ((-1)/3)/(2/(-6)). Suppose -u = r - 10. What is the units digit of u?
9
Let f be (6/(-8))/((-3)/96). Let g = 13 + f. What is the tens digit of g?
3
Let u = 44 - 42. Suppose g - 477 = -4*i + 6*g, -4*g = u*i - 206. What is the hundreds digit of i?
1
Let h = -62 - -63. Let y(a) = 62*a**2 + 2*a - 1. What is the tens digit of y(h)?
6
Let y be -32 - (-2*10)/(-5). Let g = y - -80. What is the tens digit of g?
4
Let i = 4 - 2. Let n(c) = -6*c + 2. Let l be n(i). Let w = l + 12. What is the units digit of w?
2
Let s be (5 - -4) + -7 - (-1 + -9). What is the tens digit of (((-180)/21)/3)/(s/(-42))?
1
Suppose -3*x + i + 10 = 0, -5*x + 7*i + 18 = 4*i. Suppose -x - 20 = -w. Let k = w + -5. What is the units digit of k?
8
Suppose -24 + 84 = 6*m. Suppose -4*v + 22 = -4*x - m, 11 = 2*v - 3*x. What is the units digit of v?
3
What is the hundreds digit of (-99 + 1*-1)*(-119)/68?
1
Suppose 0 = 3*f + 3*s - 963, -9*f - 5*s = -14*f + 1625. What is the units digit of f?
3
Let n(m) = 5*m**3 + 20*m**2 - 6*m - 11. Let r(p) = -2*p + 6*p**3 - 4 - 4*p**3 + 11*p**2 - 4*p**2. Let l(s) = 3*n(s) - 8*r(s). What is the units digit of l(3)?
2
Let v be 700/22 - 4/(-22). Suppose 3*y - 107 = -z, -4*y - z + 174 = v. What is the tens digit of y?
3
Let a be (9/6)/((-1)/(-46)). Let o(j) = -j**3 + 10*j**2 - 16*j + 36. Let c be o(8). Let m = a - c. What is the tens digit of m?
3
Let v(o) = 82*o + 88. What is the units digit of v(11)?
0
Let w(u) be the second derivative of -u**5/20 + u**4/4 + u**3/6 - 3*u**2/2 - 7*u. What is the tens digit of w(-3)?
4
Let f = -251 + 658. What is the tens digit of f?
0
Suppose -2*o = -o. Suppose o = 4*r - 24 - 76. What is the tens digit of r?
2
Suppose 5*n - 3*j - 9 = 0, 5*n - 2*j + 2 = 8. Let t be (-64)/(-12)*21/4. Suppose 0 = 3*b + 5*h - 60, -2*b - 3*h + t + 13 = n. What is the tens digit of b?
2
Let z = 550 - -225. What is the hundreds digit of z?
7
Let c(b) = -2*b - 5. Let t be c(-4). Let f = -17 + 20. Suppose -t*j + 30 = -o - 0*o, -j = f*o - 20. What is the tens digit of j?
1
What is the units digit of (-491 + -1)*80/(-60)?
6
Let w(z) = z**2 + 9*z - 4. Let j be w(-7). What is the units digit of 9/j + 13/2?
6
Suppose -4110 = -6*z - 9*z. What is the hundreds digit of z?
2
Let b(f) = 7*f + 30. Let q be b(-11). Let o = q + 263. What is the hundreds digit of o?
2
Suppose 7*u - 2*u - 29 = 4*m, -3*m = -4*u + 23. What is the hundreds digit of 2 + -1 - (m - 151)?
1
Let c(o) = -o**3 - 1 + 9*o - 3 - 5*o**2 - 10*o. Let l be c(-5). What is the units digit of l - (-8)/(-4)*-9?
9
Let d(t) = -t**3 + 5*t**2 - 6*t + 4. Let b be d(4). Let x(w) = -3*w - 7. Let h be x(b). Suppose -18 = h*u + 2, 3*q - 41 = 5*u. What is the units digit of q?
7
Let d(j) be the second derivative of j**3 - 8*j**2 + 11*j. What is the units digit of d(8)?
2
Let l = 21 - 25. Let x(n) be the first derivative of -n**4/2 - 5*n**3/3 + 5*n**2/2 + 5*n - 2. What is the units digit of x(l)?
3
Suppose -1935 = -5*o + 490. What is the units digit of o?
5
What is the units digit of (-14682)/(-6) - (5 - -3)?
9
Let t be (0 - -4)/(-4) + 1. Suppose t*a = 3*a - 93. What is the tens digit of a?
3
Let g = 227 + 537. What is the hundreds digit of g?
7
Suppose -3*v = d + 25, -3*v + 2*d - 7*d - 29 = 0. Let y = 3 - v. Let l = 22 - y. What is the tens digit of l?
1
Let a(w) = 42*w - 87. What is the hundreds digit of a(22)?
8
Let b = 96 + -139. Let d = 6 - b. Let a = d - 20. What is the units digit of a?
9
Suppose -2*x + 657 = 2*l - 1205, 0 = -4*x + 16. What is the tens digit of l?
2
Suppose 4*u - 12*u - 560 = 0. Let l = -23 - u. What is the tens digit of l?
4
Let h(l) = 2*l - 2*l + 8 + 6*l + 9. What is the units digit of h(7)?
9
Let x(i) = -47*i + 69. What is the hundreds digit of x(-6)?
3
Let w = -5300 + 7795. What is the units digit of w?
5
Suppose -5*g = -2*z - 98, g + 4*z + z - 25 = 0. Suppose -5*w + g = 5*s, -4*s = -0*s + 2*w - 18. Suppose -s*y = -238 + 43. What is the tens digit of y?
3
Let v(z) = 2*z**2 - 8*z - 15. Let n = -5 + -2. What is the tens digit of v(n)?
3
Suppose 0 = 3*o + 9, -1161 = -3*g - 5*o + 210. What is the tens digit of g?
6
Let q(d) = -12*d**3 - 6*d**2 - 8*d - 13. What is the hundreds digit of q(-4)?
6
Let b be 1/((-1 + -1)/(-26)). Suppose -4*h + b = -3. Suppose 0 = 2*v + h*k - 44, 36 = -v + 5*v - 5*k. What is the tens digit of v?
1
Suppose 5*l + 0 = 2*g + 20, -4*l = g - 3. What is the hundreds digit of l/(-5) + (-3885)/(-25)?
1
Let u = 15 - 0. Let f be 10*-2*(-2 + 3). What is the units digit of ((-32)/f)/(3/u)?
8
Suppose -16*u = -19*u + 996. What is the units digit of u?
2
Suppose -3*s = -2*g - 10, -4*s + 4*g + 9 = -3. Suppose -4*n - s*n + 560 = 0. What is the units digit of n?
0
Suppose 6*s - 8 = 5*s. Suppose 552 = s*w - 288. What is the units digit of w?
5
Let u = 7 - -168. What is the units digit of u?
5
Suppose 169 + 113 = -2*f. Let d = -17 - f. What is the hundreds digit of d?
1
Let y = 18 + -18. Suppose 5*a = -2*n - 571, -4*n + 2*a + 406 - 1560 = y. What is the tens digit of (-10)/3*n/20?
4
Suppose 5*g + 43 = -2*c - 10, 9 = -g - 2*c. What is the units digit of ((-508)/g - 0) + (-2)/11?
6
Suppose -4*b + 10987 = -6*w + 11*w, 0 = 3*b - 4*w - 8279. What is the hundreds digit of b?
7
Let h be (-8)/(-2) + 0 + 61. Suppose 85 = 3*b - h. What is the tens digit of b?
5
Suppose 6*a - 780 = a. Suppose 2*l + a = -u, 5*u - 302 = 4*l + 2*u. Let o = -41 - l. What is the units digit of o?
6
Let p(n) = n**3 + n**2 + n - 1. Let s(b) = 2*b**3 + 7*b**2 - 14*b + 11. Let m(w) = -p(w) + s(w). What is the tens digit of m(-7)?
6
Let b be 0 + 370 + (3 - 8). Let d = b + -134. What is the tens digit of d?
3
Let s = -30 + 33. What is the tens digit of -1 + (-13)/(-3)*s?
1
Let i(g) = 53*g + 4. Suppose -3*l - 30 = 2*l. Let z(o) = -27*o - 2. Let c(f) = l*i(f) - 11*z(f). What is the units digit of c(-2)?
0
What is the tens digit of (1139/(-51))/((-3)/72)?
3
Let n(f) = f**3 - 14*f**2 - 16*f + 15. Let d(z) = z**3 + 8*z**2 + 5*z + 1. Let 